2 + 4*i - 37. Determine a(-6).
119
Let w(r) = -r**2 + 532*r - 10237. What is w(20)?
3
Let c(w) = w**3 + 10*w**2 - 81*w + 28. Give c(-15).
118
Let s(p) = -13*p**2 - 764*p + 181. Give s(-59).
4
Let h(m) = -2255*m - 94714. Calculate h(-42).
-4
Let n(t) = 2*t**3 + 35*t**2 - 57*t - 7. Give n(-19).
-7
Let z(d) = -3*d**2 - d + 90. What is z(7)?
-64
Let l(q) = 148*q + 2502. Determine l(-17).
-14
Let b(m) = 9*m**3 - 45*m**2 - m - 16. Determine b(5).
-21
Let f(k) = k**3 - 15*k**2 + 40*k - 93. What is f(12)?
-45
Let t(o) = -o**2 - 41*o - 360. Calculate t(-20).
60
Let k(p) = -p**2 + 69*p + 1277. Determine k(-15).
17
Let s(u) = -198*u + 24757. Give s(125).
7
Let r(k) = 15*k**3 + 11*k + 13. What is r(-1)?
-13
Let t(z) = 185*z + 150. Give t(-3).
-405
Let o(m) = 4*m**3 - 20*m**2 - 64*m + 10. Give o(8).
266
Let h(d) = 2*d**3 + 11*d**2 - 20*d - 37. Give h(-6).
47
Let r(m) = m**3 + 64*m**2 - 1684*m - 341. Give r(-84).
-5
Let d(y) = y**3 + 2*y**2 - 12*y - 6. Calculate d(4).
42
Let r(g) = -8*g**2 - 328*g + 338. Give r(-42).
2
Let y(i) = 29*i + 785. Give y(-28).
-27
Let i(w) = w**3 - 34*w**2 + 40*w + 51. What is i(33)?
282
Let x(f) = 246*f + 3299. Calculate x(-13).
101
Let p(r) = -509*r - 22383. Give p(-44).
13
Let r(g) = g**2 + 3516*g + 17524. Calculate r(-5).
-31
Let c(i) = 6*i**3 - 72*i**2 - 168*i + 3. Determine c(14).
3
Let q(o) = -o + 83. Determine q(5).
78
Let u(i) = 241*i - 3382. Determine u(14).
-8
Let n(k) = 74*k**2 - 6*k + 17. Give n(-4).
1225
Let f(r) = 6*r - 241. Calculate f(41).
5
Let o(p) = -159*p - 2730. What is o(-17)?
-27
Let s(h) = 42*h**2 + 3695*h - 64. Give s(-88).
24
Let q(g) = -g**3 + 102*g**2 + 644*g + 430. What is q(108)?
-2
Let q(f) = -471*f + 277. Calculate q(0).
277
Let a(g) = -g**2 + 75*g - 410. Give a(6).
4
Let f(c) = -6*c**3 - 245*c**2 + 42*c + 8. Give f(-41).
-33
Let g(b) = -b**2 - 10*b + 30. Calculate g(7).
-89
Let k(j) = 4*j**3 + 245*j**2 - 501*j + 12. Give k(2).
22
Let h(j) = 2*j - 57. What is h(-10)?
-77
Let t(s) = -16*s**3 - 144*s**2 + 35*s + 311. Calculate t(-9).
-4
Let a(h) = -735*h + 277101. What is a(377)?
6
Let n(c) = -c**3 + 35*c**2 + 7*c - 232. What is n(35)?
13
Let o(d) = -28*d - 571. Give o(24).
-1243
Let p(u) = 437*u - 13550. Determine p(31).
-3
Let n(d) = d**3 - 97*d**2 + 189*d - 8. What is n(95)?
-103
Let h(i) = -i**3 + i**2 - 3*i + 23. Determine h(3).
-4
Let p(x) = -x**2 - 47*x - 184. What is p(-4)?
-12
Let g(i) = i**2 + 62*i - 1592. Calculate g(-81).
-53
Let i(s) = -2*s**3 - 17*s**2 + 1450*s - 16. What is i(23)?
7
Let z(n) = 2072*n + 49728. Calculate z(-24).
0
Let y(q) = 202*q + 11724. Determine y(-58).
8
Let u(x) = -31*x**2 - 20*x - 12. Calculate u(-1).
-23
Let g(p) = 7*p + 103. Determine g(-18).
-23
Let f(h) = 12*h**3 + 11*h**2 + 230*h + 230. Calculate f(-1).
-1
Let c(a) = 14*a**2 - 60*a - 856. Give c(-6).
8
Let o(v) = -v**3 - 45*v**2 + 47*v - 8. Give o(-46).
-54
Let j(t) = -t**3 - 13*t**2 + 116*t - 42. Determine j(6).
-30
Let j(w) = 12265*w - 36788. Determine j(3).
7
Let p(x) = -3*x**3 - 41*x**2 + 60*x + 644. Determine p(-14).
0
Let q(r) = 2*r**3 + 78*r**2 + 150*r + 59. What is q(-37)?
-15
Let c(v) = 5*v + 145. Calculate c(-25).
20
Let j(b) = 697*b - 2819. Give j(4).
-31
Let l(w) = -10*w**3 - 2*w**2 + 3*w - 2. Determine l(1).
-11
Let o(y) = 3*y**2 + 66*y + 356. Calculate o(-5).
101
Let f(a) = a**3 - 10*a**2 - 40*a + 4. Calculate f(-4).
-60
Let j(t) = -20*t + 541. What is j(27)?
1
Let i(c) = 37*c - 616. Determine i(17).
13
Let a(y) = y**2 - 308*y + 2189. Calculate a(7).
82
Let o(j) = -251*j - 3264. Calculate o(-13).
-1
Let z(u) = u**3 + 24*u**2 + 20*u - 62. What is z(-23)?
7
Let k(h) = h**3 - 12*h**2 + 33*h - 18. Give k(7).
-32
Let l(n) = 255*n + 262. Give l(-1).
7
Let b(z) = -z**2 + 18*z + 3183. Calculate b(-47).
128
Let d(o) = 12*o + 419. What is d(-35)?
-1
Let g(o) = -114*o - 1742. Give g(-15).
-32
Let l(j) = 4*j**2 + 79*j + 69. Determine l(-20).
89
Let u(n) = n**2 + 3*n - 23. Give u(3).
-5
Let u(n) = -98*n**2 + 88*n - 2. Calculate u(1).
-12
Let x(i) = -3*i**2 + 59*i - 58. Calculate x(19).
-20
Let l(j) = -593*j + 5251. Calculate l(9).
-86
Let h(k) = 33*k**2 + 713*k + 90. Calculate h(-21).
-330
Let j(z) = 189*z + 3174. Give j(-17).
-39
Let b(i) = -5*i**3 + 800*i**2 + 4*i - 615. Determine b(160).
25
Let v(p) = -2*p**3 - 2*p**2 + 9*p. What is v(5)?
-255
Let q(s) = 383*s + 101500. Calculate q(-265).
5
Let x(o) = 195*o**3 - o**2 - 2*o + 3. Determine x(1).
195
Let c(y) = y**3 + 47*y**2 + 139*y + 258. Give c(-44).
-50
Let i(h) = -32*h + 292. Give i(4).
164
Let n(w) = -4*w**3 - 26*w**2 - 897*w - 5348. What is n(-6)?
-38
Let g(d) = -9*d - 55. What is g(-4)?
-19
Let f(j) = 11*j - 153. What is f(16)?
23
Let s(a) = -1517*a + 7579. Determine s(5).
-6
Let z(b) = -b**2 + 42*b + 1. What is z(37)?
186
Let x(c) = -c**3 + 14*c**2 - 775*c + 12912. Calculate x(16).
0
Let j(c) = -4*c**2 + 201*c - 238. Calculate j(49).
7
Let t(p) = 10*p**3 + 10*p + 14. Determine t(-3).
-286
Let w(f) = -71*f - 151. Determine w(-2).
-9
Let k(i) = i**2 - 260*i + 14283. Give k(79).
-16
Let a(c) = -c**2 - 62*c - 596. What is a(-50)?
4
Let v(t) = t + 40. Determine v(12).
52
Let y(u) = -u**3 + 3*u**2 + 104*u + 36. What is y(12)?
-12
Let p(x) = -x**2 + 7*x + 498. Calculate p(-19).
4
Let m(l) = 268*l + 6432. Give m(-24).
0
Let l(i) = -90*i + 287. What is l(-5)?
737
Let a(q) = q**2 + 39*q + 215. Determine a(-36).
107
Let x(k) = -6*k**2 - 6*k + 43. Calculate x(4).
-77
Let k(d) = -3*d**3 + 11*d + 44. Calculate k(-3).
92
Let i(o) = -3*o**2 - 11*o - 73. What is i(-5)?
-93
Let d(x) = -x**2 + 212*x - 6812. Determine d(172).
68
Let o(s) = -2*s**3 + 17*s**2 - 20*s - 145. Calculate o(5).
-70
Let m(q) = -q**3 + 55*q**2 + 883*q + 61. Determine m(68).
-7
Let n(i) = -286*i + 5440. What is n(19)?
6
Let d(b) = -b**2 - 854*b - 10108. Calculate d(-12).
-4
Let u(t) = -2*t**3 + 31*t**2 - 42*t - 29. What is u(14)?
-29
Let r(b) = 47*b + 149. What is r(-3)?
8
Let p(a) = -50872*a + 12. Calculate p(0).
12
Let f(t) = -1720*t**2 + 6879*t - 3. Determine f(4).
-7
Let j(c) = 9*c + 166. What is j(-7)?
103
Let s(g) = -110*g**3 - 330*g**2 - 4*g + 1. Determine s(-3).
13
Let v(n) = -n**2 + 178*n - 3560. Give v(155).
5
Let k(n) = -27*n - 134. Calculate k(-6).
28
Let z(u) = u**3 - 485*u + 17. Calculate z(22).
-5
Let i(x) = -x**3 - 56*x**2 + 6*x + 217. Give i(-56).
-119
Let u(x) = -x**2 + 21*x - 114. Calculate u(13).
-10
Let f(w) = -63*w - 18. What is f(1)?
-81
Let t(y) = -2*y**2 - 22*y - 29. What is t(-10)?
-9
Let f(v) = -v**3 + 6*v**2 - 18*v + 360. What is f(11)?
-443
Let m(d) = -25*d**2 - 4*d + 6. What is m(1)?
-23
Let y(f) = -f**3 + 5*f**2 + 44*f + 351. Give y(11).
109
Let r(d) = -2456*d + 2455. What is r(1)?
-1
Let u(y) = 12*y**2 + y - 22. What is u(0)?
-22
Let x(h) = h**3 + 14*h**2 + 11*h + 376. Give x(-15).
-14
Let b(d) = 18*d**2 - 355*d - 95. Determine b(20).
5
Let m(g) = -9*g - 22. Determine m(-1).
-13
Let v(b) = 2*b**3 - 106*b**2 + 5*b - 363. Calculate v(53).
-98
Let t(b) = -1213*b + 9699. Give t(8).
-5
Let q(f) = -f**3 - 13*f**2 - 146*f - 1602. Calculate q(-12).
6
Let v(t) = -t**3 - 36*t**2 - 104*t - 8. Determine v(-3).
7
Let r(i) = -10*i**2 - 150*i - 139. Calculate r(-8).
421
Let y(f) = -f**2 + 88*f - 1630. Give y(62).
-18
Let x(b) = 3*b**2 + 49*b - 253. What is x(4)?
-9
Let f(i) = 272*i - 848. Calculate f(3).
-32
Let k(i) = -24*i + 1249. Determine k(53).
-23
Let b(x) = -2*x**3 + 2*x**2 - 73*x + 249. Give b(3).
-6
Let a(r) = -r**3 + 75*r**2 + 16*r - 88. Give a(0).
-88
Let u(w) = 2*w**3 - 5*w**2 + 3*w + 3. Give u(2).
5
Let w(r) = r**2 - 49*r - 731. What is w(-12)?
1
Let q(c) = -133*c + 8515. What is q(64)?
3
Let a(o) = -43*o - 121. Give a(-3).
8
Let v(y) = -y**2 - 16*y - 31. Give v(-5).
24
Let d(h) = -15*h - 14. What is d(7)?
-119
Let y(a) = -9*a - 436. Calculate y(-45).
-31
Let p(m) = -2*m**3 - 164*m**2 - 154*m + 692. Determine p(-81).
44
Let u(c) = -175*c + 441. Determine u(2).
91
Let v(l) = -l**2 - 35*l + 909. Determine v(17).
25
Let f(n) = n**2 - 59*n + 42. Determine f(9).
-408
Let d(u) = 272*u + 2170. What is d(-8)?
-6
Let j(v) = 2*v**2 + 285*v + 5592. Determine j(-119).
-1
Let z(y) = -y**3 + 145*y**2 + 9265*y + 44. Calculate z(-48).
-4
Let l(g) = -29*g + 1557. What is l(54)?
-9
Let f(d) = -10*d + 156. What is f(13)?
26
Let h(t) = -2*t**2 - 26*t - 78. Calculate h(-7).
6
Let w